eatest common factor of 905066214 and 13.
13
Calculate the highest common factor of 504595 and 975.
65
What is the highest common factor of 149101997 and 33?
11
Calculate the greatest common factor of 9548 and 9251144.
868
What is the highest common factor of 704 and 8220586?
22
Calculate the highest common divisor of 189376 and 37664.
352
Calculate the highest common factor of 340 and 554359800.
340
What is the highest common factor of 383 and 1843795704?
383
Calculate the highest common divisor of 7243 and 196336001.
7243
Calculate the greatest common divisor of 190269 and 112435857.
6561
What is the highest common divisor of 108 and 93156831?
27
What is the highest common factor of 228970 and 524265?
35
What is the greatest common divisor of 70 and 6118462?
14
What is the greatest common divisor of 219231760 and 48?
16
Calculate the highest common divisor of 28524946 and 102.
34
What is the highest common divisor of 45093228 and 2832?
708
Calculate the greatest common divisor of 3705 and 1186341.
741
Calculate the greatest common divisor of 248147 and 46920.
23
Calculate the greatest common divisor of 418 and 23274810.
38
Calculate the highest common factor of 2355601 and 19.
19
Calculate the greatest common divisor of 1450 and 19050.
50
What is the highest common factor of 929203633 and 113?
113
What is the highest common factor of 26656 and 544?
544
Calculate the greatest common divisor of 742 and 10480246.
14
Calculate the highest common factor of 353418 and 4692.
138
Calculate the greatest common divisor of 314394 and 27450.
366
Calculate the greatest common divisor of 659475 and 108918.
27
Calculate the highest common divisor of 1298165310 and 8892.
4446
Calculate the highest common divisor of 785460210 and 120.
30
Calculate the highest common factor of 1027 and 772928.
13
What is the highest common divisor of 232095 and 2?
1
Calculate the greatest common factor of 52 and 367816.
4
What is the greatest common divisor of 252 and 4392801?
63
Calculate the greatest common divisor of 25 and 89615275.
25
What is the highest common factor of 106429 and 57155?
71
What is the highest common divisor of 18 and 66747054?
6
Calculate the highest common divisor of 3648876 and 33.
33
Calculate the greatest common divisor of 1450568 and 140.
28
Calculate the highest common divisor of 567096800 and 19.
19
What is the highest common divisor of 100 and 1165700?
100
Calculate the highest common factor of 15372120 and 43460.
1060
What is the highest common divisor of 4717548 and 102366?
2178
What is the highest common factor of 67878 and 20890083?
1257
Calculate the highest common divisor of 11718 and 161014.
434
What is the greatest common divisor of 916 and 11144?
4
Calculate the greatest common factor of 89895 and 3081.
39
Calculate the highest common factor of 429044876 and 52.
52
What is the highest common factor of 73411906 and 11408?
1426
Calculate the greatest common factor of 30817976 and 230.
46
What is the highest common divisor of 6272 and 3767316?
196
What is the highest common divisor of 20128 and 148602508?
2516
What is the greatest common factor of 800 and 807928400?
400
What is the greatest common divisor of 5130975 and 2775?
2775
Calculate the greatest common factor of 44838 and 34823898.
846
Calculate the greatest common divisor of 6 and 43225134.
6
What is the greatest common factor of 441414 and 15573?
537
What is the greatest common factor of 4466936 and 592?
296
Calculate the highest common divisor of 47507676 and 60.
12
Calculate the greatest common factor of 105 and 4390918.
7
Calculate the highest common factor of 1000 and 4147375.
125
Calculate the highest common divisor of 240 and 356448.
48
Calculate the highest common factor of 358038296 and 66.
22
Calculate the greatest common divisor of 105 and 77315.
35
Calculate the greatest common factor of 177471 and 18900.
189
What is the highest common divisor of 137283770 and 20?
10
Calculate the highest common divisor of 19796071 and 141.
47
Calculate the highest common divisor of 116848676 and 71.
71
What is the greatest common factor of 77695 and 10303505?
205
Calculate the highest common divisor of 6742208 and 9760.
1952
What is the highest common factor of 456 and 10976034?
114
What is the highest common divisor of 15 and 240533715?
15
What is the greatest common factor of 34768951 and 146?
73
What is the greatest common factor of 105 and 9497586?
21
What is the greatest common factor of 498 and 32401623?
249
What is the highest common divisor of 1715 and 1372285719?
343
Calculate the greatest common divisor of 141670681 and 43.
43
Calculate the highest common divisor of 1280068 and 1292.
76
What is the highest common divisor of 387 and 330535926?
387
What is the highest common factor of 145504 and 14096?
16
What is the greatest common divisor of 37944 and 6082056?
1224
What is the greatest common divisor of 27 and 883276101?
9
What is the highest common factor of 29224057 and 59?
59
Calculate the greatest common factor of 2860 and 1100660.
220
What is the greatest common factor of 7045059 and 67599?
777
What is the highest common factor of 801 and 7819095?
267
Calculate the greatest common factor of 289827 and 2421.
9
Calculate the highest common divisor of 40126638 and 246.
6
Calculate the greatest common factor of 4472642 and 1332118.
7442
What is the highest common factor of 2189880 and 75320?
280
Calculate the greatest common divisor of 11801604 and 714.
102
What is the greatest common divisor of 11616 and 14982?
66
What is the highest common factor of 3915 and 113768073?
261
What is the highest common divisor of 1792 and 1811488?
224
Calculate the greatest common factor of 226995920 and 2165.
2165
What is the greatest common factor of 284 and 1112499?
71
What is the greatest common factor of 131375215 and 1615?
95
What is the highest common divisor of 131525492 and 112?
28
What is the highest common divisor of 96816762 and 10458?
126
Calculate the highest common factor of 1052 and 172208455.
263
What is the greatest common factor of 1737882 and 648?
54
Calculate the highest common divisor of 192304 and 10528.
112
What is the highest common divisor of 6333690 and 6120?
510
Calculate the highest common divisor of 46912 and 9660940.
2932
What is the greatest common factor of 3509794 and 2318?
38
What is the greatest common factor of 14656 and 2232292?
916
What is the greatest common divisor of 173283 and 2226246?
2937
What is the highest common divisor of 17244 and 4326807?
1437
Calculate the highest common factor of 34181192 and 2738.
2738
Calculate the greatest common factor of 2309080 and 280.
40
What is the highest common divisor of 180 and 1248210?
90
What is the greatest common factor of 41757390 and 1305?
1305
Calculate the greatest common divisor of 18629650 and 1625.
325
What is the highest common factor of 10 and 399398290?
10
Calculate the greatest common divisor of 200199532 and 13.
13
Calculate the greatest common factor of 1079 and 950267.
83
What is the highest common divisor of 238714281 and 351?
117
Calculate the greatest common divisor of 109354 and 174762.
1022
Calculate the greatest common divisor of 75 and 57751275.
75
What is the highest common divisor of 1002464 and 176?
16
What is the highest common divisor of 95398175 and 5?
5
Calculate the highest common divisor of 29168 and 5798963.
1823
Calculate the greatest common divisor of 21217270 and 415.
5
Calculate the highest common divisor of 6669300 and 658.
94
Calculate the highest common divisor of 11357 and 3243182.
41
What is the greatest common divisor of 120729786 and 3846?
3846
Calculate the greatest common divisor of 72 and 599708196.
36
Calculate the highest common divisor of 337605 and 58575.
1065
Calculate the greatest common divisor of 43329328 and 4165.
833
Calculate the greatest common divisor of 1477 and 8064.
7
What is the highest common divisor of 26 and 88234380?
26
What is the highest common divisor of 135 and 2051577585?
135
Calculate the highest common divisor of 84170 and 79611530.
4430
What is the greatest common factor of 152 and 8943756?
76
What is the greatest common factor of 82215 and 19938660?
3045
Calculate the greatest common factor of 33033 and 2110797.
39
Calculate t